ded by b(9).
17
Suppose 0*n + 2*n + b = 7, 17 = 4*n + 5*b. Suppose n*y = -y + 3*o + 517, -12 = 4*o. What is the remainder when y is divided by 65?
62
Let i(y) = -17*y + 52. Let o be i(-12). Let x = o + -232. Calculate the remainder when 119 is divided by x.
23
Suppose m + 2*b = -3*b + 24, 2*b = 2*m - 96. Suppose 4*n + 29*f - 27*f = 120, f = -n + 32. Calculate the remainder when m is divided by n.
16
Let h(s) = s - 1. Let l = -35264 + 35340. What is the remainder when l is divided by h(9)?
4
Calculate the remainder when 1136 is divided by ((-310)/(-20) + -17)*-14.
2
Suppose 5*b - 49 = -4. Let k(x) = x**3 - 6*x**2 - 26*x + 16. What is the remainder when 95 is divided by k(b)?
20
Suppose -11 = -3*g + 10. Suppose -88 = g*n - 711. What is the remainder when n is divided by 13?
11
Let k be ((-145)/11)/(-1) + 152/(-836). Let f(w) = 11*w - 9. What is the remainder when f(k) is divided by 22?
2
Suppose -3*v - 65 = -m + 12, 433 = 5*m + v. Suppose -3*k = 4*q - 5*q - 997, 19*q = 5*k - 1419. What is the remainder when k is divided by m?
79
Suppose 0 = -3*k - 4*y, 0 = -3*y + 2*y. Suppose k = -10*l + 19*l - 333. Calculate the remainder when 184 is divided by l.
36
Let h be 2*(-63)/28*(-4)/6. Suppose 0 = j - 4*m - 38, h*j - m = -j + 107. What is the remainder when j is divided by 16?
10
Suppose -4*c + 10 = -6*c, 2*b - 15 = 3*c. Suppose -h = -b*h - 23. Calculate the remainder when h is divided by 10 - ((-3 - -3) + -3).
10
Let p = -3813 + 3833. Calculate the remainder when 2216 is divided by p.
16
Suppose -b + 3*w = -3*b + 918, -w = b - 458. Suppose -5*m - 101 = -b. Calculate the remainder when m is divided by 25.
21
What is the remainder when (415/(-15))/(1208/(-240) + 5) is divided by 822?
8
Suppose 105 = v - 6*v. Let o = -1403 + 1460. Calculate the remainder when o is divided by 4/14 + (-414)/v.
17
Suppose -3*o + 1164 = -0*o - 5*l, 4*o + 3*l = 1552. Calculate the remainder when o is divided by 57.
46
Let q(f) = 2*f**2 - 219*f + 435. Calculate the remainder when q(0) is divided by 406.
29
Suppose -4*f - 183 = -163. Let w(t) be the first derivative of t**4/4 + 7*t**3/3 + 6*t**2 + 16*t + 1. Calculate the remainder when 9 is divided by w(f).
3
Let y(w) = 2*w**2 - 5*w - 11. Let p be y(6). Suppose 3*u - 14 - p = 0. Calculate the remainder when u is divided by (-2)/(-6) + 51/9.
3
What is the remainder when (72/(-42))/(1266/(-84) - -15) is divided by 2 + 17/(0 + 1)?
5
Let z = -1416 + 1569. Calculate the remainder when 407 is divided by z.
101
Let u = -3810 - -4202. What is the remainder when u is divided by 101?
89
Let m = -56 - -64. Let l = 24 + 9. What is the remainder when ((-72)/m)/((-12)/(-14) - 1) is divided by l?
30
Suppose 4*h - 2*j - 4 = -6, 2*j + 16 = -5*h. Suppose 526 = -117*u + 1037 + 1712. Calculate the remainder when u is divided by (h - -4) + 0 + 13.
4
Let t be (-187)/1*(3 + (-7 - -3)). Suppose -2*j = -19*j + t. Calculate the remainder when 57 is divided by j.
2
Suppose 0 = -96*y + 3972 + 4156 + 4064. What is the remainder when 452 is divided by y?
71
Let s(t) = t**2 - 9*t - 15. Suppose 31 - 139 = -9*z. Calculate the remainder when 76/2 - 0/(-2) is divided by s(z).
17
Suppose -4*z + 342 = 5*x, 170 = -0*z + 2*z + 2*x. Let f = z + -50. Let i(j) = 7*j**2 - 4*j + 1. Calculate the remainder when i(4) is divided by f.
31
Suppose 38*f + 119 = 2247. What is the remainder when 381 is divided by (19 + -3)*42/f?
9
Let u = 193 + 261. What is the remainder when 2239 is divided by u?
423
Suppose -13*k + 228 + 1462 = 0. Suppose 6*i = k + 116. Let s = 58 - i. Calculate the remainder when 116 is divided by s.
14
Suppose -13*o + 15*o = 112. Let v(h) = -23 - 8*h - o + 36. Calculate the remainder when 123 is divided by v(-8).
18
Let w = 10966 + -10203. What is the remainder when 2303 is divided by w?
14
What is the remainder when 329 is divided by -9 - ((-108)/21)/((-4)/(-126))?
23
Let n(l) = l**3 + l**2 - 6*l + 2. Suppose 3*o = -4*b + 62, 3*o = -5*b + 28 + 39. Calculate the remainder when o is divided by n(2).
0
Let c(s) = 423*s**3 + s**2 + 15*s - 9. What is the remainder when c(2) is divided by 11?
10
Let z be (9/(-6))/((-3)/6). Suppose -z*t = -4*q - 378, q - 105 + 483 = 3*t. What is the remainder when t is divided by 65?
61
Suppose -3*l - 4*l = -49. Suppose 0*w = -l*w + 266. Let a(n) = n**3 - 4*n**2 + 5*n. Calculate the remainder when w is divided by a(4).
18
Let a = 182 + -102. Calculate the remainder when 230 is divided by a.
70
Let v be (-160)/60*(-1 + -11). Suppose 0 = -5*l + 4*r + v - 8, -r - 28 = -4*l. Suppose -1503 - 121 = -l*m. What is the remainder when m is divided by 34?
33
Suppose 1667*f = 1668*f - i - 54, 5*i - 90 = -f. What is the remainder when 537 is divided by f?
57
What is the remainder when (-103053)/(-57) - (1990/95 - 21) is divided by 362?
360
What is the remainder when (1794 - (-1 - 3)) + (-3 - -4) is divided by 10?
9
Let g(x) = 73*x - 9. Let r be g(1). Suppose 4*k + 52 - r = 0. Suppose -k*d - 52 + 196 = 0. What is the remainder when d is divided by 26?
22
Suppose -97*s + 160 = -87*s. Suppose 6*u - 10*u = s, -30 = -2*p - 2*u. Let l = -1 + 38. Calculate the remainder when l is divided by p.
18
Calculate the remainder when 4 + (-9408)/(-20 - -12) is divided by 167.
11
Suppose -3*w - 70 = m - 89, 5*m = 3*w + 5. Suppose 1249 = w*t - u, 2 = u + 6. What is the remainder when t is divided by 65?
54
Let s = 2855 + -2653. What is the remainder when s is divided by 102?
100
Suppose 495*n + 295407 = 522*n. Calculate the remainder when n is divided by 31.
29
Let h(u) = 2*u + 15. Let o(j) = j**2 + 4*j - 16. Let g be o(-6). Let p = 18 - 9. What is the remainder when p is divided by h(g)?
2
Let t = 13 - -20. Calculate the remainder when 12 - (0 - -12) - -87 is divided by t.
21
Suppose 2*w = -4*n + 224, -3*w + 628*n = 632*n - 350. Suppose 3*a - 245 = -2*a. What is the remainder when w is divided by a?
28
Suppose 0 = 5*m + 15, -2*m = -3*z - 4*m + 252. Calculate the remainder when z is divided by (-12)/(-21) + 146/14.
9
Suppose 11*t - 252 = 1101. Calculate the remainder when t/1 - -1 - 7/(-7) is divided by 39.
8
Let x(h) = -h**2 + 9*h - 3. Let a be x(8). Suppose a*y - 44 = 6. Calculate the remainder when (-15)/(-12)*(20 - 0) is divided by y.
5
Suppose -32 = 59*b - 61*b. Let n = b - -15. What is the remainder when 86 is divided by n?
24
Let m(v) = 2*v**3 - 97*v**2 - 15*v - 1200. What is the remainder when 2341 is divided by m(49)?
11
What is the remainder when 64/5 + 2/10 is divided by (-13 - -16) + -52 + 60?
2
Let j = -12645 - -14111. What is the remainder when j is divided by 14?
10
Let i(b) = 21*b**2 + 12*b + 305. What is the remainder when i(-12) is divided by 118?
117
Let p(x) = 718*x - 8217. What is the remainder when p(33) is divided by 45?
42
Let h(a) = 53*a**2 + 274*a - 14. Let d = 12 + 51. What is the remainder when h(-6) is divided by d?
61
Let s(j) = -533*j - 8064. What is the remainder when s(-22) is divided by 47?
43
Suppose 0*l + 5*l + 10 = 0. Let m be l/(-5) + 9/15 + -1. Suppose 2*o + m*o - 58 = 5*a, 2*a + 8 = 0. Calculate the remainder when 73 is divided by o.
16
Suppose 92*x = 116*x - 1296. What is the remainder when ((-14)/(-28))/(1/414) is divided by x?
45
Let n(l) = -29*l + 91. Let z(d) = 8*d - 176. Let w be z(22). Calculate the remainder when n(w) is divided by 23.
22
Let i = 192 + -196. Calculate the remainder when 102 is divided by 4 + (i - 6)/(-5) + 1.
4
Suppose 610*k + 22585 = 686*k - 91415. What is the remainder when k is divided by 35?
30
Suppose -36 + 11 = 19*s - 215. Calculate the remainder when 97 is divided by s.
7
Let r(s) = -31*s + 19. What is the remainder when 503 is divided by r(-1)?
3
Let s(c) = 93*c - 192. Let t be s(8). Let f = -510 + t. Calculate the remainder when f is divided by 28.
14
Suppose -3*l = 7 - 19. Suppose 0 = -5*g - 3*s + 269, 3*g + 2*s - 161 = -0. What is the remainder when g is divided by l?
3
Suppose 5*a - 3 = f + 5, -4*f - 76 = 2*a. Let k = f + 85. Let v = k - 44. What is the remainder when 45 is divided by v?
22
Let f be 2/(-10) + 105/25 + 12. Suppose y = 4*y - 2*m + f, 5*y + 5*m + 35 = 0. Let g(a) = 2*a**2 + 8*a - 3. Calculate the remainder when 80 is divided by g(y).
17
Suppose -y - 2*p = -2, -2*y + 4 = -5*p - 0*p. Suppose -y*m + 9 = t, 4*m - 19 = -3*t + 14. Calculate the remainder when 169 is divide